27876102?
2, 3, 4646017
What are the prime factors of 181221390?
2, 3, 5, 7, 179, 1607
List the prime factors of 221861831.
6869, 32299
List the prime factors of 42009390.
2, 3, 5, 53, 8807
What are the prime factors of 2902639971?
3, 7, 11, 12565541
What are the prime factors of 55510754?
2, 13, 164233
List the prime factors of 2635887824.
2, 6337, 25997
List the prime factors of 240915511.
2129, 113159
List the prime factors of 14103812.
2, 17, 207409
List the prime factors of 5283493526.
2, 373, 7082431
What are the prime factors of 69345498?
2, 3, 43, 268781
What are the prime factors of 54357264?
2, 3, 13, 9679
What are the prime factors of 704126219?
31, 3187, 7127
What are the prime factors of 334940483?
2963, 113041
List the prime factors of 62368928.
2, 109, 17881
List the prime factors of 5027287608.
2, 3, 7, 31, 79, 4073
What are the prime factors of 911461772?
2, 13, 401, 43711
List the prime factors of 1174676687.
47, 24993121
List the prime factors of 367591315.
5, 7, 13, 227, 3559
List the prime factors of 12198436.
2, 3049609
What are the prime factors of 845763779?
7, 5669, 21313
List the prime factors of 175940041.
23, 7649567
What are the prime factors of 29478178?
2, 109, 135221
List the prime factors of 149617579.
5261, 28439
List the prime factors of 3376758717.
3, 19, 431, 45817
What are the prime factors of 497769928?
2, 17, 3660073
What are the prime factors of 229979148?
2, 3, 7, 227, 1723
List the prime factors of 26396479.
23, 569, 2017
What are the prime factors of 3282197911?
23, 79, 1806383
What are the prime factors of 2374130270?
2, 5, 47, 5051341
What are the prime factors of 58804106?
2, 197, 149249
What are the prime factors of 982479705?
3, 5, 65498647
What are the prime factors of 6854873433?
3, 17, 134409283
What are the prime factors of 6628473?
3, 19, 59, 73
List the prime factors of 1616543237.
19, 67, 1269869
What are the prime factors of 4070400507?
3, 4889, 92507
What are the prime factors of 2311935299?
67, 71, 227, 2141
What are the prime factors of 314611774?
2, 641, 245407
List the prime factors of 133294725.
3, 5, 79, 7499
List the prime factors of 2059660162.
2, 7, 271, 542873
What are the prime factors of 3032361681?
3, 41, 877, 28111
List the prime factors of 1783442522.
2, 29, 109, 282101
What are the prime factors of 1454882504?
2, 6397, 28429
What are the prime factors of 65092287?
3, 13, 37, 79, 571
List the prime factors of 490402437.
3, 7, 3336071
List the prime factors of 11488709.
109, 105401
List the prime factors of 101583739.
409, 248371
List the prime factors of 378456886.
2, 3257, 58099
What are the prime factors of 178837201?
59, 1451, 2089
What are the prime factors of 3629765766?
2, 3, 11, 1879, 29269
List the prime factors of 331469741.
331469741
What are the prime factors of 803858714?
2, 29, 3011, 4603
What are the prime factors of 273855154?
2, 41, 751, 4447
List the prime factors of 85510031.
85510031
What are the prime factors of 115190287?
37, 761, 4091
What are the prime factors of 3447198333?
3, 383022037
List the prime factors of 139049592.
2, 3, 11, 526703
What are the prime factors of 2728111090?
2, 5, 272811109
List the prime factors of 6955978416.
2, 3, 144916217
What are the prime factors of 2766755676?
2, 3, 59, 3907847
What are the prime factors of 661736996?
2, 4637, 35677
List the prime factors of 829573824.
2, 3, 4320697
List the prime factors of 2070352626.
2, 3, 345058771
List the prime factors of 173457763.
307, 401, 1409
List the prime factors of 253697116.
2, 211, 300589
What are the prime factors of 847714441?
7, 83, 1459061
What are the prime factors of 24609149?
17, 23, 62939
List the prime factors of 214972400.
2, 5, 59, 9109
List the prime factors of 10688171.
13, 822167
List the prime factors of 3717861475.
5, 137, 401, 2707
What are the prime factors of 153550303?
7841, 19583
What are the prime factors of 1194448692?
2, 3, 1291, 77101
List the prime factors of 36725851.
36725851
What are the prime factors of 865362969?
3, 8369, 11489
What are the prime factors of 41884469?
11, 53, 71843
What are the prime factors of 70424415?
3, 5, 211, 7417
List the prime factors of 358389260.
2, 5, 137, 139, 941
List the prime factors of 79626209.
13, 471161
What are the prime factors of 325857417?
3, 108619139
What are the prime factors of 5867757854?
2, 7, 419125561
What are the prime factors of 2486471747?
2486471747
List the prime factors of 1282598188.
2, 320649547
List the prime factors of 75220617.
3, 613, 40903
What are the prime factors of 272273051?
181, 1504271
What are the prime factors of 66385187?
11, 17, 151, 2351
What are the prime factors of 6663674050?
2, 5, 11, 367, 33013
List the prime factors of 548820726.
2, 3, 91470121
What are the prime factors of 130757690?
2, 5, 7, 31, 60257
What are the prime factors of 11255235?
3, 5, 137, 5477
List the prime factors of 109156946.
2, 3259, 16747
What are the prime factors of 949021295?
5, 189804259
What are the prime factors of 392162420?
2, 5, 13, 23, 65579
List the prime factors of 8380903.
8380903
List the prime factors of 503161065.
3, 5, 11, 53, 2131
List the prime factors of 1083096776.
2, 2539, 53323
List the prime factors of 1060439761.
19, 55812619
What are the prime factors of 37773729?
3, 7, 19, 67, 157
List the prime factors of 194275577.
97, 2002841
List the prime factors of 186070705.
5, 19, 1958639
What are the prime factors of 102104909?
102104909
List the prime factors of 1218973037.
29, 643, 65371
What are the prime factors of 1103166243?
3, 40858009
List the prime factors of 2380725610.
2, 5, 2017, 118033
What are the prime factors of 282529252?
2, 29, 2435597
What are the prime factors of 325894982?
2, 7, 29, 114671
What are the prime factors of 2732670339?
3, 7, 43, 3026213
What are the prime factors of 81877115?
5, 37, 442579
What are the prime factors of 132607550?
2, 5, 2652151
List the prime factors of 1337022098.
2, 668511049
List the prime factors of 61228852.
2, 23, 173, 3847
List the prime factors of 334242362.
2, 167121181
List the prime factors of 86815364.
2, 3307, 6563
List the prime factors of 1910576087.
7, 67, 83, 49081
What are the prime factors of 13108821?
3, 11, 397237
List the prime factors of 73149523.
73149523
What are the prime factors of 648469985?
5, 601, 215797
What are the prime factors of 3749765397?
3, 7, 178560257
What are the prime factors of 71616946?
2, 269, 133117
List the prime factors of 436553261.
436553261
List the prime factors of 70421997.
3, 1523, 15413
What are the prime factors of 180851056?
2, 109, 103699
List the prime factors of 342810405.
3, 5, 7, 43, 25309
List the prime factors of 1200284713.
20773, 57781
What are the prime factors of 681526835?
5, 11, 211, 58727
List the prime factors of 323421273.
3, 7, 5133671
What are the prime factors of 3074678414?
2, 1537339207
List the prime factors of 98582979.
3, 11, 109, 27407
List the prime factors of 12585847.
19, 97, 6829
What are the prime factors of 63724253?
63724253
What are the prime factors of 113485139?
113485139
List the prime factors of 143899263.
3, 431, 37097
What are the prime factors of 1455711917?
11, 12030677
What are the prime factors of 265683853?
61, 197, 22109
What are the prime factors of 196282539?
3, 41, 211, 2521
List the prime factors of 47737754.
2, 113, 211229
What are the prime factors of 506346410?
2, 5, 50634641
List the prime factors of 30594824.
2, 13, 294181
List the prime factors of 29463453.
3, 1091239
What are the prime factors of 356357839?
356357839
List the prime factors of 106817291.
7, 2521, 6053
List the prime factors of 1374594762.
2, 3, 457, 491, 1021
What are the prime factors of 52286146?
2, 11, 2376643
List the prime factors of 742977887.
24251, 30637
What are the prime factors of 30857975?
5, 17, 4271
What are the prime factors of 103051208?
2, 13, 163, 6079
What are the prime factors of 95616938?
2, 47808469
What are the prime factors of 301514316?
2, 3, 131, 191803
What are the prime factors of 572202803?
19, 109, 276293
List the prime factors of 2462428175.
5, 61, 1614707
What are the prime factors of 172122082?
2, 11, 7823731
List the prime factors of 113779756.
2, 41, 693779
What are the prime factors of 93459790?
2, 5, 89, 17